= 75. What are the prime factors of i?
2, 19
Let d = 19 + 28. Let f = d - 32. List the prime factors of f.
3, 5
Suppose 5*b = 53*m - 48*m + 2855, 2292 = 4*b - 2*m. List the prime factors of b.
5, 23
Let i be (-13)/2*(7 + -9) - -3. Suppose 3*a - 32 = -5*b, -2*a = -6*a + i. What are the prime factors of b?
2
Let i(o) be the first derivative of -3*o**2/2 + 5*o + 1. Let a be i(3). What are the prime factors of (-927)/(-63) - a/14?
3, 5
Let j(y) = 3*y - 5. Let g be j(8). Suppose 5*r - 119 + g = 0. What are the prime factors of r?
2, 5
Suppose 3*o = 7*o - 108. Suppose -r + o = -28. List the prime factors of r.
5, 11
Let h = -36 + 16. List the prime factors of ((-10)/h)/(2/8).
2
Suppose 1004 + 256 = 3*r. List the prime factors of r.
2, 3, 5, 7
Let f(n) be the second derivative of -5*n**3/3 + 3*n**2/2 + 3*n. Let w(r) = -r - 1. Let s(j) = -f(j) - 2*w(j). What are the prime factors of s(3)?
5, 7
Let f(i) = 5*i**2 - 216. Let w(z) = 11*z**2 - z - 432. Let t(j) = -5*f(j) + 2*w(j). What are the prime factors of t(0)?
2, 3
Suppose 1100 = 2*b - 5*h + 7*h, -2*h - 2736 = -5*b. What are the prime factors of b?
2, 137
Let s = 9 + -21. Let z be (-128)/6 - 4/s. Let p = z + 35. List the prime factors of p.
2, 7
Let q = 52 - 50. What are the prime factors of ((-4)/(-12)*-111)/((-2)/q)?
37
Let x(y) be the third derivative of -y**7/2520 - y**6/36 - y**5/30 + 7*y**2. Let d(h) be the third derivative of x(h). List the prime factors of d(-14).
2
Let d be (20/(-8) + 2)*12. Let k(f) = -f**3 - 5*f**2 + 2*f - 19. What are the prime factors of k(d)?
5
Suppose -8*g + 6*g = -8. Suppose 5*q + 3*j = 35, q = -g*j - 6 - 4. List the prime factors of q.
2, 5
Suppose -3*p + 6 = -6. Suppose -976 = -p*a - 168. Suppose -5*q + a = 72. What are the prime factors of q?
2, 13
Let f = -164 + 168. Suppose -138 = -3*h - 3*s, -f*h - 92 = -6*h - 5*s. What are the prime factors of h?
2, 23
Let o = -186 + 616. List the prime factors of ((-5)/(-10))/(-1 - o/(-428)).
107
Suppose -6*x - 4*d - 877 = -7*x, -4*d + 4337 = 5*x. List the prime factors of x.
11, 79
Suppose -3*z = -4*t - 1576 + 24221, 0 = -3*t - 4*z + 16990. List the prime factors of t.
2, 19, 149
Let n(w) = w**3 - 6*w**2 + 4*w. Let s be n(5). Let l = 5 + s. What are the prime factors of 23 + l*3/6?
23
Let j = 14 + -4. What are the prime factors of (4/j)/((-1)/(-70))?
2, 7
Let d(p) = p**3 + 3*p**2 + p + 3. Let a be d(-3). Suppose 7*b - q = 2*b + 412, a = -5*b - 5*q + 430. List the prime factors of b.
83
Let a(m) = 56*m**2 - 35*m + 34. List the prime factors of a(5).
1259
Let f(a) = -a**3 - a - 3 - 6*a - 6*a + 0*a + 14*a**2. Let p be f(13). List the prime factors of ((-3)/p - 18)*-3.
3, 17
Let d be 1 + 0 - (-4 - -3). Suppose d*s = 6*s - 92. Let m = s - 9. What are the prime factors of m?
2, 7
What are the prime factors of (-10)/(-12) - (6 + 49189/(-42))?
2, 11, 53
Let f(d) = 26*d**2 - 11*d - 25. List the prime factors of f(6).
5, 13
Let c = -6 - -8. Suppose -5*i + c*q = -290 - 388, 0 = -q + 1. What are the prime factors of i?
2, 17
Suppose 60 = 5*m - p + 922, 2*p = 5*m + 859. Let i = m + 295. List the prime factors of i.
2, 61
List the prime factors of (-1921 - -3)/((-14)/42).
2, 3, 7, 137
Let s(h) = h**3 - h + 172. Let g be s(0). Let w = -108 + g. What are the prime factors of w?
2
Let c(t) = 0 + 3 - 3*t + 3*t - t. Let q be c(-3). Let d = q - -21. What are the prime factors of d?
3
Let w(s) = -s - 10. Let n be w(-3). Let u(z) = -z**3 - 6*z**2. What are the prime factors of u(n)?
7
List the prime factors of 4297*(-1)/(-4 - -3).
4297
Suppose -a + 0 + 2 = 0. Suppose 3*o + o + a*z = 20, -3*o + 4*z + 4 = 0. Suppose o*t = -t + 45. List the prime factors of t.
3
Suppose 4*f - 164 = -3*v - v, 0 = 5*f + 10. List the prime factors of v.
43
Let o(r) = 550*r**2 + 4*r + 1. List the prime factors of o(-1).
547
Suppose 0 = o + 5*o - 48. Suppose -o*i = -1630 - 18. List the prime factors of i.
2, 103
Let u = -41 - -38. What are the prime factors of (-3)/7 + 594/14 + u?
3, 13
Let u(h) = 5*h + 7. Let d(r) = -r + 1. Let l(n) = 4*d(n) + u(n). Suppose -2*t - 14 = -0*t. List the prime factors of l(t).
2
Suppose 2*q = -2*k - 30, k - 2*k - 2*q - 19 = 0. Let n(z) = -z**3 - 12*z**2 - 11*z + 1. Let r be n(k). Suppose -u + 6 = -r. What are the prime factors of u?
7
Suppose 12483 = -v + 6*v + 4*j, -2484 = -v - 5*j. List the prime factors of v.
3, 7, 17
Suppose 5*i = 106 + 299. Let f = i - 54. List the prime factors of f.
3
Suppose -3 = 2*u - u, -4*u = 4*k + 4. Let s be ((-3)/(-4))/(k/224). Suppose 5*c + f + 21 - s = 0, -f + 3 = 0. What are the prime factors of c?
2, 3
Suppose 5*u = 6*l - 5*l + 22, 0 = -3*u. Let w = -26 - -77. Let f = w + l. What are the prime factors of f?
29
Let c = 1 + 15. Let s = 18 - c. Let z(j) = 9*j**2 + j + 1. What are the prime factors of z(s)?
3, 13
Suppose -3*t = -t - 3094. Suppose -7*c = 6*c - t. What are the prime factors of c?
7, 17
List the prime factors of ((-258)/(-5))/(2 - 84/45).
3, 43
Let u(s) = -3*s - 15. Let m be u(-6). Let l(n) = n**2 - 2*n**2 - 27*n**3 + 1 + 7*n**m. What are the prime factors of l(-1)?
2, 5
Let h be (1737/30 + (-3)/2)*-5. Let d = h - -480. List the prime factors of d.
2, 3, 11
Suppose 9*h = 20*h + 3971. Let q = 510 + h. List the prime factors of q.
149
Suppose 0 = -2*q + 27 + 69. List the prime factors of q - 0/(-1) - -3.
3, 17
Suppose -9*g + 19*g = 6050. What are the prime factors of g?
5, 11
Suppose -2*v - 60 = 3*q - 287, 0 = v - q - 116. What are the prime factors of v?
5, 23
Let m = 35 - 30. Suppose -63 = -2*o - 5*f, 4*o + m*f - 151 + 20 = 0. What are the prime factors of o?
2, 17
Let x be -24 + -1 - -4 - 3. Let c = -11 - x. What are the prime factors of c?
13
Suppose -8*u + 16*u - 7040 = 0. List the prime factors of u.
2, 5, 11
Suppose 0*n = n - 18. Let m be 69/n + 2/12. Suppose -3*b + 103 = 5*s - b, 84 = m*s + 2*b. List the prime factors of s.
19
Let q(l) = -l**2 + 16*l - 19. Suppose -r - 2*c = -c - 17, -r + 5*c = 7. List the prime factors of q(r).
2, 5
Let v(a) = -31*a - 20. Let z be v(-5). Suppose -46*n + 43*n + z = 0. List the prime factors of n.
3, 5
Let y(k) = -50*k - 20. Let u be y(11). Let l = -375 - u. List the prime factors of l.
3, 5, 13
Let t(o) = 10*o**2 - 78*o - 30. List the prime factors of t(23).
2, 1733
Let d(c) = 740*c**2 + c - 1. What are the prime factors of d(-1)?
2, 3, 41
Let d = 103 - -111. Let z = d - 65. What are the prime factors of z?
149
Suppose -2*o = -4*t - 13 + 115, 0 = -5*t + 5*o + 125. Let j be (-22 + 2)/((-4)/t). Suppose 2*h - 35 = h + 2*d, -3*d = -4*h + j. List the prime factors of h.
31
Let i(f) = -f**3 - 14*f**2 - 12*f + 13. Let v be i(-12). Let x = v - -239. Suppose -x = -8*h + 2*h. List the prime factors of h.
2, 3
Let k = -336 - -704. What are the prime factors of k?
2, 23
Let m be 1 + (-2 - (-2 + -1)). Suppose 0 = -4*s + 6 - 2, 0 = 4*n - m*s - 198. Suppose -10 + n = 5*d. What are the prime factors of d?
2
Let b = 19 + -19. Suppose -3*x + b = -6. What are the prime factors of (-3)/x*(0 - 6)?
3
Suppose -8*j + j = -98. What are the prime factors of 20 - 7/(j/(-8))?
2, 3
Suppose -4*v - 4*x - 48 = 0, x = -2*x + 6. Let m be (-64)/(-14) + (-6)/v. Suppose b - m*b + 256 = 0. List the prime factors of b.
2
Let m(c) = -2*c - 5. Let u(r) = r + 1. Let f be u(-5). Let l be m(f). Suppose -t - 3*v + 12 = 0, -t - l*v + 9 = v. What are the prime factors of t?
3, 7
What are the prime factors of -4 + (4/12)/((-1)/(-3675))?
3, 11, 37
Suppose 6*x - 3115 = 1139. List the prime factors of x.
709
Let n be (-22 - -27)*(8/(-10))/2. What are the prime factors of (1/(-2) - 1) + (-103)/n?
2, 5
Suppose -4*x - 4*b = -8*b + 256, 0 = 5*x + 2*b + 334. Let o = x + 215. List the prime factors of o.
149
Suppose -3*g - g - 4*j = -1272, -g - 3*j + 310 = 0. List the prime factors of g.
2, 7, 23
Let x = 591 + -265. Let f(l) = -l**3 - 9*l**2 - 7*l + 10. Let y be f(-8). Suppose -4*k - 80 + x = y*o, 4*k + o - 245 = 0. List the prime factors of k.
61
Let o be ((474*-1)/(-3))/(-1). Let t = 236 + o. List the prime factors of -3 - 7/((-21)/t).
23
Suppose 2*f + f + 42 = 0. Let k = f + 20. Suppose r = k*r - 45. What are the prime factors of r?
3
Let a(c) = c + 6. Let i be a(-3). List the prime factors of ((-3)/(-6))/(i/150).
5
Let z(n) = 129*n**2 - 2*n - 1. Let k be z(1). Suppose -2*d + 5*q + k = 0, -7*d - 3*q = -5*d